{"id":973,"date":"2019-08-11T23:48:04","date_gmt":"2019-08-11T21:48:04","guid":{"rendered":"http:\/\/novesiacup.com\/?page_id=973"},"modified":"2019-08-12T23:58:51","modified_gmt":"2019-08-12T21:58:51","slug":"eintracht-frankfurt","status":"publish","type":"page","link":"https:\/\/novesiacup.com\/index.php\/novesia-cup-2019\/eintracht-frankfurt\/","title":{"rendered":"Eintracht Frankfurt"},"content":{"rendered":"<p><span style=\"font-family: Arial, serif;\"><span style=\"font-size: large;\"><b><img loading=\"lazy\" decoding=\"async\" class=\"aligncenter size-full wp-image-975\" src=\"http:\/\/novesiacup.com\/wp-content\/uploads\/2019\/08\/TeamLogos2019_eintracht.jpg\" alt=\"\" width=\"1200\" height=\"500\" srcset=\"https:\/\/novesiacup.com\/wp-content\/uploads\/2019\/08\/TeamLogos2019_eintracht.jpg 1200w, https:\/\/novesiacup.com\/wp-content\/uploads\/2019\/08\/TeamLogos2019_eintracht-300x125.jpg 300w, https:\/\/novesiacup.com\/wp-content\/uploads\/2019\/08\/TeamLogos2019_eintracht-768x320.jpg 768w, https:\/\/novesiacup.com\/wp-content\/uploads\/2019\/08\/TeamLogos2019_eintracht-1024x427.jpg 1024w\" sizes=\"auto, (max-width: 1200px) 100vw, 1200px\" \/><\/b><\/span><\/span><\/p>\n<p>&nbsp;<\/p>\n<h2>Der Mitfavorit aus Hessen<\/h2>\n<p>Die <strong>Stadt Frankfurt<\/strong> mit ihren fast <strong>750000 Einwohnern<\/strong> liegt auf beiden Seiten des <strong>Untermains<\/strong> s\u00fcd\u00f6stlich des <strong>Taunus<\/strong>. Bereits seit dem <strong>Mittelalter<\/strong> z\u00e4hlt <strong>Frankfurt<\/strong> zu den bedeutenden st\u00e4dtischen Zentren <strong>Deutschlands<\/strong>. Leider sind durch sp\u00e4tere Zerst\u00f6rungen nur wenige bauliche Zeitzeugen \u00fcbrig geblieben. Einiges konnte restauriert werden, so z.B. der bekannte <strong>R\u00f6merberg<\/strong> mit den alten Fassaden oder auch mehrere T\u00fcrme. Heute ist <strong>Frankfurt<\/strong> nicht nur ein bedeutendes Industriezentrum, sondern noch mehr z\u00e4hlt der Dienstleistungsbereich. Die Stadt hat sich zu einem sehr bedeutenden internationalen Finanzplatz entwickelt. <strong>Frankfurt<\/strong> beheimatet die <strong>Europ\u00e4ischen Zentralbank<\/strong>, die <strong>Deutsche Bundesbank<\/strong>, die <strong>Frankfurter Wertpapierb\u00f6rse<\/strong> und weitere Finanzinstitute. Aber auch der <strong>DFB<\/strong> hat in <strong>Frankfurt<\/strong> seinen Sitz.<\/p>\n<p>Die <strong>Eintracht aus Frankfurt<\/strong> z\u00e4hlt zu den gro\u00dfen Traditionsvereinen im deutschen Fu\u00dfball. Gegr\u00fcndet wurde die <strong>Eintracht<\/strong>, die inzwischen <strong>55.000 Mitglieder<\/strong> z\u00e4hlt, schon <strong>1899<\/strong>. In ihrer Geschichte hat die <strong>Eintracht<\/strong> schon viele Titel gewonnen. Zumindest bis Mitte der <strong>1990er Jahre<\/strong>. Die letzte <strong>Meisterschaft (1959)<\/strong> liegt zwar nach wie vor viele Jahre zur\u00fcck, aber im <strong>DFB-Pokal<\/strong> war die <strong>Eintracht 2018<\/strong> gegen <strong>Bayern M\u00fcnchen<\/strong> eindrucksvoll erfolgreich. Und nicht nur das. Der mit dem <strong>Pokalsieg<\/strong> verbundene Startplatz in der <strong>Europa-League<\/strong> wurde bestens genutzt. Der Weg f\u00fchrte bis in das <strong>Halbfinale<\/strong>. In der <strong>Meisterschaft<\/strong> trumpfte die Mannschaft lange Zeit auf, es wurden Parallelen zur <strong>Borussia<\/strong> aus <strong>M\u00f6nchengladbach<\/strong> sichtbar. Letztendlich rettete man sich nach einer Schw\u00e4chephase noch in die <strong>Europapokalr\u00e4nge<\/strong>. Nicht nur In <strong>Frankfurt<\/strong> hofft man dank der begeisterungsf\u00e4higen Zuschauer auf weitere berauschende <strong>Europapokalabende<\/strong> durch die <strong>Eintracht<\/strong>.<\/p>\n<p>Wie sehr der Verein in Zukunft auf die eigene Jugend setzten kann, zeigte die <strong>U-14<\/strong> beim letztj\u00e4hrigen Wettbewerb in <strong>Neuss<\/strong>. Die <strong>Eintracht<\/strong> betreibt bereits fr\u00fchzeitig seit <strong>2002<\/strong> eine Fu\u00dfballschule, die von <strong>Legende Karl-Heinz \u201eCharly\u201c K\u00f6rbel<\/strong> initiiert wurde. Mit der Fertigstellung des Neubaus auf dem Vereinsgel\u00e4nde am <strong>Frankfurter Riederwald<\/strong> im <strong>Herbst 2010<\/strong> wurde die Infrastruktur des Leistungszentrums erheblich verbessert. Heute spielen alle Jugendmannschaften von <strong>Eintracht Frankfurt<\/strong> bis zur <strong>U-19<\/strong> in den h\u00f6chst m\u00f6glichen Ligen. Das <strong>Nachwuchsleistungszentrum<\/strong> hat bei Pr\u00fcfungen mehrfach die h\u00f6chste Auszeichnung erhalten. Der <strong>Jahrgang 2005<\/strong> der <strong>Eintracht<\/strong> bestreitet keine Pflichtspiele, sondern misst sich bei Vergleichen mit anderen Nachwuchsleistungszentren und bei Turnieren. Hier wurden allerdings gute Ergebnisse erzielt, wie auch beim letzten Auftritt der <strong>Eintracht<\/strong> in <strong>Neuss<\/strong>. Man lieferte nicht nur der <strong>Borussia<\/strong> einen gro\u00dfen Kampf, sondern auch der <strong>beste Turnierspieler (Zakaria Marjane)<\/strong> kam aus den Reihen der <strong>Frankfurter Eintracht<\/strong>. Umso mehr freuen sich die jungen Kicker aus <strong>Frankfurt<\/strong> wie auch deren Trainer und Betreuer auf den <strong>Cup 2019<\/strong>. Da warten mit <strong>Royal Antwerpen<\/strong>, <strong>Borussia M\u00f6nchengladbach<\/strong> und <strong>Fortuna D\u00fcsseldorf<\/strong> in der <strong>Vorrunde<\/strong> bereits gro\u00dfe H\u00fcrden. Sehr zur Freude der vielen <strong>Fu\u00dfballfreunde<\/strong>, die ein gro\u00dfes Turnier erwarten.<\/p>\n<p>&nbsp;<\/p>\n<p><a href=\"https:\/\/www.sparkasse-neuss.de\/\" target=\"_blank\" rel=\"noopener\"><img loading=\"lazy\" decoding=\"async\" class=\"alignleft wp-image-1049 size-full\" src=\"http:\/\/novesiacup.com\/wp-content\/uploads\/2019\/08\/Sparkasse_2019.jpg\" alt=\"\" width=\"1200\" height=\"1703\" srcset=\"https:\/\/novesiacup.com\/wp-content\/uploads\/2019\/08\/Sparkasse_2019.jpg 1200w, https:\/\/novesiacup.com\/wp-content\/uploads\/2019\/08\/Sparkasse_2019-211x300.jpg 211w, https:\/\/novesiacup.com\/wp-content\/uploads\/2019\/08\/Sparkasse_2019-768x1090.jpg 768w, https:\/\/novesiacup.com\/wp-content\/uploads\/2019\/08\/Sparkasse_2019-722x1024.jpg 722w\" sizes=\"auto, (max-width: 1200px) 100vw, 1200px\" \/><\/a><\/p>\n","protected":false},"excerpt":{"rendered":"<p>&nbsp; Der Mitfavorit aus Hessen Die Stadt Frankfurt mit ihren fast 750000 Einwohnern liegt auf beiden Seiten des Untermains s\u00fcd\u00f6stlich des Taunus. Bereits seit dem Mittelalter z\u00e4hlt Frankfurt zu den &#8230;<\/p>\n","protected":false},"author":1,"featured_media":0,"parent":922,"menu_order":0,"comment_status":"closed","ping_status":"closed","template":"","meta":{"_monsterinsights_skip_tracking":false,"_monsterinsights_sitenote_active":false,"_monsterinsights_sitenote_note":"","_monsterinsights_sitenote_category":0,"footnotes":""},"class_list":["post-973","page","type-page","status-publish","hentry"],"_links":{"self":[{"href":"https:\/\/novesiacup.com\/index.php\/wp-json\/wp\/v2\/pages\/973","targetHints":{"allow":["GET"]}}],"collection":[{"href":"https:\/\/novesiacup.com\/index.php\/wp-json\/wp\/v2\/pages"}],"about":[{"href":"https:\/\/novesiacup.com\/index.php\/wp-json\/wp\/v2\/types\/page"}],"author":[{"embeddable":true,"href":"https:\/\/novesiacup.com\/index.php\/wp-json\/wp\/v2\/users\/1"}],"replies":[{"embeddable":true,"href":"https:\/\/novesiacup.com\/index.php\/wp-json\/wp\/v2\/comments?post=973"}],"version-history":[{"count":7,"href":"https:\/\/novesiacup.com\/index.php\/wp-json\/wp\/v2\/pages\/973\/revisions"}],"predecessor-version":[{"id":1051,"href":"https:\/\/novesiacup.com\/index.php\/wp-json\/wp\/v2\/pages\/973\/revisions\/1051"}],"up":[{"embeddable":true,"href":"https:\/\/novesiacup.com\/index.php\/wp-json\/wp\/v2\/pages\/922"}],"wp:attachment":[{"href":"https:\/\/novesiacup.com\/index.php\/wp-json\/wp\/v2\/media?parent=973"}],"curies":[{"name":"wp","href":"https:\/\/api.w.org\/{rel}","templated":true}]}}