{"id":1514,"date":"2025-07-20T22:59:26","date_gmt":"2025-07-20T20:59:26","guid":{"rendered":"http:\/\/novesiacup.com\/?page_id=1514"},"modified":"2025-08-27T20:48:52","modified_gmt":"2025-08-27T18:48:52","slug":"novesia-cup-2025","status":"publish","type":"page","link":"https:\/\/novesiacup.com\/index.php\/novesia-cup-2025\/","title":{"rendered":"Novesia Cup 2025"},"content":{"rendered":"\n<figure class=\"wp-block-image size-large\"><img loading=\"lazy\" decoding=\"async\" width=\"724\" height=\"1024\" src=\"http:\/\/novesiacup.com\/wp-content\/uploads\/2025\/07\/Plakat2025_01Web-1-724x1024.png\" alt=\"\" class=\"wp-image-1516\" srcset=\"https:\/\/novesiacup.com\/wp-content\/uploads\/2025\/07\/Plakat2025_01Web-1-724x1024.png 724w, https:\/\/novesiacup.com\/wp-content\/uploads\/2025\/07\/Plakat2025_01Web-1-212x300.png 212w, https:\/\/novesiacup.com\/wp-content\/uploads\/2025\/07\/Plakat2025_01Web-1-768x1086.png 768w, https:\/\/novesiacup.com\/wp-content\/uploads\/2025\/07\/Plakat2025_01Web-1-1086x1536.png 1086w, https:\/\/novesiacup.com\/wp-content\/uploads\/2025\/07\/Plakat2025_01Web-1.png 1100w\" sizes=\"auto, (max-width: 724px) 100vw, 724px\" \/><\/figure>\n\n\n\n<p><br><br>Auch nach <strong>27 Jahren<\/strong> hat der Cup in Neuss nichts an Attraktivit\u00e4t verloren. Im Gegenteil: Die besten westdeutschen Mannschaften zeigen am <strong>7.9.2025<\/strong> in Neuss-Reuschenberg ihr K\u00f6nnen, sodass der Wettbewerb auch deutliche Fingerzeige f\u00fcr die <strong>Bundesliga-Nachwuchsrunde 25\/26<\/strong> liefert. Der Cup hat somit schon etwas von einer <strong>westdeutschen Meisterschaft<\/strong>.<\/p>\n\n\n\n<p>Die <strong>drei besten Mannschaften<\/strong> des Jahrgangs <strong>2012 <\/strong>der Nachwuchsrunde 24\/25 sind in Neuss vertreten: <strong>Borussia M\u00f6nchengladbach<\/strong>, der <strong>1. FC K\u00f6ln<\/strong> und <strong>Fortuna D\u00fcsseldorf<\/strong>. Rang f\u00fcnf und acht belegten nach Abschluss des Bundesligawettbewerbs <strong>Schalke 04<\/strong> und der <strong>VfL Bochum<\/strong>. Die beiden ehemaligen Cupsieger <strong>Dortmund<\/strong> und <strong>Leverkusen<\/strong> erreichten nach Beendigung der Nachwuchsrunde mit Rang vier bzw. sechs nur einen Mittelplatz.<\/p>\n\n\n\n<p>Die <strong>Borussia <\/strong>aus M\u00f6nchengladbach und der <strong>1. FC K\u00f6ln<\/strong> haben derzeit mit ihren Junioren ohnehin einen <strong>\u00fcberaus positiven Lauf<\/strong>. So wurden die M\u00f6nchengladbacher mit ihrer <strong>U17<\/strong> und der <strong>1. FC K\u00f6ln<\/strong> mit der <strong>U19<\/strong> vor wenigen Wochen jeweils <strong>deutscher Jugendmeister<\/strong>. Man darf gespannt sein, ob der aktuelle <strong>U14-Jahrgang<\/strong> der Vereine in die Fu\u00dfstapfen der Meistermannschaften treten kann.<\/p>\n\n\n\n<p>F\u00fcr Spannung ist also gesorgt, zumal mit <strong>KAS Eupen<\/strong> aus Belgien ein weiterer ehemaliger <strong>Cupsieger<\/strong> antritt, der das Turnier vor drei Jahren <strong>souver\u00e4n gewonnen<\/strong> hat. Eupen ist in Belgien f\u00fcr eine <strong>hervorragende Nachwuchsarbeit<\/strong> bekannt.<\/p>\n\n\n\n<p>Der norddeutsche Fu\u00dfball wird erneut von <strong>Werder Bremen<\/strong> repr\u00e4sentiert. Auch auf deren Auftreten darf man sehr gespannt sein. Schon oft haben die Mannschaften aus Bremen bei den Jugendmeisterschaften f\u00fcr <strong>herausragende Ergebnisse<\/strong> gesorgt. Auch beim <strong>Cup 24<\/strong> hat die <strong>U14 aus Bremen<\/strong> nicht nur aus sportlicher Sicht \u00fcberzeugt.<\/p>\n\n\n\n<p>Der lokale Fu\u00dfball hat es nat\u00fcrlich gegen so viel sportliche Qualit\u00e4t der Teilnehmer schon immer schwer gehabt. In Neuss fehlt einfach ein <strong>h\u00f6herklassiger Verein<\/strong> mit einem vom <strong>DFB <\/strong>zertifizierten <strong>Nachwuchsleistungszentrum<\/strong>. Aber die <strong>talentierten Spieler aus Neuss<\/strong> finden eine besondere F\u00f6rderung \u00fcber den normalen Spielalltag hinaus im <strong>DFB-St\u00fctzpunkttraining<\/strong>, welches einmal pro Woche stattfindet. Auch in diesem Jahr werden die <strong>Talente des Rheinkreises<\/strong> erneut die <strong>Neusser Region<\/strong> fu\u00dfballerisch vertreten. Die Spieler des <strong>DFB-St\u00fctzpunktes Neuss-Norf<\/strong> werden sich erneut sehr motiviert dem Nachwuchs der Profivereine stellen und wie in der Vergangenheit beim <strong>Cup 2025<\/strong> zeigen, dass auch in Neuss und Umgebung durchaus <strong>guter Fu\u00dfball<\/strong> gespielt werden kann. Der eine oder andere <strong>Achtungserfolg<\/strong> in der Vergangenheit beim Cup belegt das. Auch spielten bereits <strong>zahlreiche Spieler aus Neuss<\/strong> in der Bundesliga eine <strong>hervorragende Rolle<\/strong>.<\/p>\n\n\n\n<p>Wer folgt in diesem Jahr auf die Borussen aus M\u00f6nchengladbach, die das letzte <strong>Cup-Endspiel gegen Schalke<\/strong> knapp f\u00fcr sich entscheiden konnten? So waren nach l\u00e4ngerer Durststrecke die Borussen in ihrem <strong>&#8222;Wohnzimmer&#8220;<\/strong> nach einer wahren <strong>Hitzeschlacht<\/strong> mit einem <strong>1:0-Sieg<\/strong> wieder erfolgreich. Beim <strong>Champions Cup 2025<\/strong> d\u00fcrften die Begegnungen schon in der Vorrunde <strong>\u00fcberaus spannend<\/strong> werden. Denn nach den Ergebnissen der <strong>Bundesliga-Nachwuchsrunde<\/strong> und den weiteren <strong>hochkar\u00e4tigen Teilnehmern<\/strong> hat das Turnier in diesem Jahr <strong>nicht nur einen Favoriten<\/strong>.<\/p>\n\n\n\n<p>Die letzten Turnierauflagen litten unter einer <strong>extremen Hitze<\/strong>, die einen Aufenthalt im Freien f\u00fcr die Zuschauer und f\u00fcr die Mannschaften \u00fcberaus beschwerlich machte. M\u00f6ge das diesj\u00e4hrige <strong>Top-Fu\u00dfballereignis<\/strong> in Neuss von einem <strong>gn\u00e4digeren Wettergott<\/strong> begleitet werden, der einen Aufenthalt von sehr vielen <strong>Fu\u00dfballfreunden aus Neuss und Umgebung<\/strong> auf der sch\u00f6nen <strong>Sportanlage des TUS Reuschenberg<\/strong> wieder erm\u00f6glicht. Erfahrungsgem\u00e4\u00df ist zumindest ein <strong>gro\u00dfer Fanzuspruch<\/strong> hinsichtlich der teilnehmenden Vereine zu erwarten.<\/p>\n\n\n\n<p><strong>F\u00fcr Spannung und Unterhaltung w\u00e4hrend der Mittagspause wird gesorgt.<\/strong><\/p>\n\n\n\n<p><strong><br><br>Die teilnehmenden Teams:<\/strong><\/p>\n\n\n\n<ul class=\"wp-block-list\">\n<li><strong><a href=\"https:\/\/novesiacup.com\/index.php\/novesia-cup-2025\/1-fc-koeln\/\" data-type=\"link\" data-id=\"https:\/\/novesiacup.com\/index.php\/novesia-cup-2025\/1-fc-koeln\/\">1. FC K\u00f6ln<\/a><\/strong><\/li>\n\n\n\n<li><strong><a href=\"https:\/\/novesiacup.com\/index.php\/novesia-cup-2025\/borussia-moenchengladbach\/\">Borussia M\u00f6nchengladbach<\/a><\/strong><\/li>\n\n\n\n<li><strong><a href=\"https:\/\/novesiacup.com\/index.php\/novesia-cup-2025\/fc-schalke-04\/\" data-type=\"link\" data-id=\"https:\/\/novesiacup.com\/index.php\/novesia-cup-2025\/fc-schalke-04\/\">Schalke 04<\/a><\/strong><\/li>\n\n\n\n<li><strong><a href=\"https:\/\/novesiacup.com\/index.php\/novesia-cup-2025\/fortuna-duesseldorf\/\">Fortuna D\u00fcsseldorf<\/a><\/strong><\/li>\n\n\n\n<li><strong><a href=\"https:\/\/novesiacup.com\/index.php\/novesia-cup-2025\/vfl-bochum\/\" data-type=\"link\" data-id=\"https:\/\/novesiacup.com\/index.php\/novesia-cup-2025\/vfl-bochum\/\">VfL Bochum<\/a><\/strong><\/li>\n\n\n\n<li><strong><a href=\"https:\/\/novesiacup.com\/index.php\/novesia-cup-2025\/kas-eupen\/\" data-type=\"link\" data-id=\"https:\/\/novesiacup.com\/index.php\/novesia-cup-2025\/kas-eupen\/\">KAS Eupen<\/a><\/strong><\/li>\n\n\n\n<li><strong><a href=\"https:\/\/novesiacup.com\/index.php\/novesia-cup-2025\/1543-2\/\" data-type=\"link\" data-id=\"https:\/\/novesiacup.com\/index.php\/novesia-cup-2025\/1543-2\/\">Werder Bremen<\/a><\/strong><\/li>\n\n\n\n<li><strong><a href=\"https:\/\/novesiacup.com\/index.php\/novesia-cup-2025\/dfb-auswahl-rhein-kreis-neuss\/\" data-type=\"link\" data-id=\"https:\/\/novesiacup.com\/index.php\/novesia-cup-2025\/dfb-auswahl-rhein-kreis-neuss\/\">DFB-Auswahl Neuss<\/a><\/strong><\/li>\n<\/ul>\n\n\n\n<h2 class=\"wp-block-heading\"><br>Ort<\/h2>\n\n\n\n<p><strong>Sportanlage in Reuschenberg, <\/strong>Am S\u00fcdpark 1b, Neuss<br><strong>Beginn:<\/strong> 10:00 Uhr<\/p>\n\n\n\n<p><\/p>\n\n\n\n<p class=\"has-large-font-size\"><br><strong>Spielplan<\/strong><\/p>\n\n\n\n<figure class=\"wp-block-image size-large\"><img loading=\"lazy\" decoding=\"async\" width=\"724\" height=\"1024\" src=\"http:\/\/novesiacup.com\/wp-content\/uploads\/2025\/08\/Spielplan2025-724x1024.jpg\" alt=\"\" class=\"wp-image-1523\" srcset=\"https:\/\/novesiacup.com\/wp-content\/uploads\/2025\/08\/Spielplan2025-724x1024.jpg 724w, https:\/\/novesiacup.com\/wp-content\/uploads\/2025\/08\/Spielplan2025-212x300.jpg 212w, https:\/\/novesiacup.com\/wp-content\/uploads\/2025\/08\/Spielplan2025-768x1086.jpg 768w, https:\/\/novesiacup.com\/wp-content\/uploads\/2025\/08\/Spielplan2025-1086x1536.jpg 1086w, https:\/\/novesiacup.com\/wp-content\/uploads\/2025\/08\/Spielplan2025.jpg 1414w\" sizes=\"auto, (max-width: 724px) 100vw, 724px\" \/><\/figure>\n\n\n\n<p class=\"has-large-font-size\"><br><strong>Turnierbestimmungen<\/strong><\/p>\n\n\n\n<ol class=\"wp-block-list\">\n<li>Alle Spiele unterliegen den Regeln des DFB. Gespielt wird \u00fcber den ganzen Platz mit normal gro\u00dfen Toren.<br><\/li>\n\n\n\n<li>Die Spiele werden von Schiedsrichtern des Kreises Neuss\/Grevenbroich (Fu\u00dfballkreis 5) geleitet. Sie werden von Linienrichtern assistiert.<br><\/li>\n\n\n\n<li>Spielerlisten mit einem g\u00fcltigen Pass sind vor Turnierbeginn bei der Turnierleitung zu hinterlegen. Insgesamt k\u00f6nnen bis zu 22 Spieler eingetragen werden. Gespielt wird mit 10 Feldspielern und einem Torwart. Die Wechsel erfolgen in H\u00f6he der Mittellinie. Ein Wechsel ist nur w\u00e4hrend einer Spielunterbrechung m\u00f6glich.<br><\/li>\n\n\n\n<li>Spielberechtigt sind alle Spieler, die in 2011 geboren sind (und j\u00fcnger).<br><\/li>\n\n\n\n<li>Die von den Schiedsrichtern getroffenen Entscheidungen sind bindend. Bei einem Streit in Bezug auf die Organisation entscheidet die Turnierleitung.<br><\/li>\n\n\n\n<li>Die Spieldauer betr\u00e4gt 1 x 25 Minuten ohne Wechsel.<br><\/li>\n\n\n\n<li>Es wird in zwei Gruppen zu vier Mannschaften gespielt. Die Pl\u00e4tze 1 bis 2 der beiden Gruppen spielen ein Halbfinale um den Einzug in das Endspiel. Die Pl\u00e4tze 3 bis 4 spielen ein Halbfinale um das Erreichen des Spiels um Platz 5. Wenn zwei Mannschaften gleich viele Punkte haben, entscheidet die Tordifferenz (die Zahl der geschossenen Tore minus die Zahl der kassierten Tore). Wenn die Tordifferenz gleich ist, ist die Zahl der geschossenen Tore entscheidend. Gibt es dann noch keine Entscheidung, kommt es zum Elfmeterschie\u00dfen. Jede Mannschaft hat 5 Elfmeter, die durch 5 verschiedene Spieler ausgef\u00fchrt werden. Sollte nach dieser Serie kein Sieger feststehen, wird von den restlichen Spielern der Mannschaft jeweils ein Strafsto\u00df ausgef\u00fchrt, bis eine Entscheidung gefallen ist.<br><\/li>\n\n\n\n<li>Eine Zeitstrafe betr\u00e4gt 5 Minuten. Erh\u00e4lt ein Spieler die rote Karte (Platzverweis), dann ist er f\u00fcr den restlichen Turnierverlauf gesperrt.<br><\/li>\n\n\n\n<li>Die teilnehmende Vereine werden gebeten, ein Ersatztrikot oder Leibchen bereit zu halten.<\/li>\n<\/ol>\n","protected":false},"excerpt":{"rendered":"<p>Auch nach 27 Jahren hat der Cup in Neuss nichts an Attraktivit\u00e4t verloren. Im Gegenteil: Die besten westdeutschen Mannschaften zeigen am 7.9.2025 in Neuss-Reuschenberg ihr K\u00f6nnen, sodass der Wettbewerb auch &#8230;<\/p>\n","protected":false},"author":1,"featured_media":0,"parent":0,"menu_order":0,"comment_status":"closed","ping_status":"closed","template":"","meta":{"_monsterinsights_skip_tracking":false,"_monsterinsights_sitenote_active":false,"_monsterinsights_sitenote_note":"","_monsterinsights_sitenote_category":0,"footnotes":""},"class_list":["post-1514","page","type-page","status-publish","hentry"],"_links":{"self":[{"href":"https:\/\/novesiacup.com\/index.php\/wp-json\/wp\/v2\/pages\/1514","targetHints":{"allow":["GET"]}}],"collection":[{"href":"https:\/\/novesiacup.com\/index.php\/wp-json\/wp\/v2\/pages"}],"about":[{"href":"https:\/\/novesiacup.com\/index.php\/wp-json\/wp\/v2\/types\/page"}],"author":[{"embeddable":true,"href":"https:\/\/novesiacup.com\/index.php\/wp-json\/wp\/v2\/users\/1"}],"replies":[{"embeddable":true,"href":"https:\/\/novesiacup.com\/index.php\/wp-json\/wp\/v2\/comments?post=1514"}],"version-history":[{"count":10,"href":"https:\/\/novesiacup.com\/index.php\/wp-json\/wp\/v2\/pages\/1514\/revisions"}],"predecessor-version":[{"id":1633,"href":"https:\/\/novesiacup.com\/index.php\/wp-json\/wp\/v2\/pages\/1514\/revisions\/1633"}],"wp:attachment":[{"href":"https:\/\/novesiacup.com\/index.php\/wp-json\/wp\/v2\/media?parent=1514"}],"curies":[{"name":"wp","href":"https:\/\/api.w.org\/{rel}","templated":true}]}}