{"id":1246,"date":"2022-09-01T00:09:19","date_gmt":"2022-08-31T22:09:19","guid":{"rendered":"http:\/\/novesiacup.com\/?page_id=1246"},"modified":"2022-09-01T00:09:19","modified_gmt":"2022-08-31T22:09:19","slug":"dfb-stuetzpunkt-rheinkreis","status":"publish","type":"page","link":"https:\/\/novesiacup.com\/index.php\/novesia-cup-2022\/dfb-stuetzpunkt-rheinkreis\/","title":{"rendered":"DFB St\u00fctzpunkt Rheinkreis"},"content":{"rendered":"<p><img loading=\"lazy\" decoding=\"async\" class=\"alignleft wp-image-1247 size-large\" src=\"http:\/\/novesiacup.com\/wp-content\/uploads\/2022\/09\/TeamLogos2022_DFB-1024x427.jpg\" alt=\"\" width=\"800\" height=\"334\" srcset=\"https:\/\/novesiacup.com\/wp-content\/uploads\/2022\/09\/TeamLogos2022_DFB-1024x427.jpg 1024w, https:\/\/novesiacup.com\/wp-content\/uploads\/2022\/09\/TeamLogos2022_DFB-300x125.jpg 300w, https:\/\/novesiacup.com\/wp-content\/uploads\/2022\/09\/TeamLogos2022_DFB-768x320.jpg 768w, https:\/\/novesiacup.com\/wp-content\/uploads\/2022\/09\/TeamLogos2022_DFB.jpg 1200w\" sizes=\"auto, (max-width: 800px) 100vw, 800px\" \/><\/p>\n<p>&nbsp;<\/p>\n<h2>Viele Talente hoffen auf ihre Chance<\/h2>\n<p>Als erste Stufe der Talentf\u00f6rderung im deutschen Fu\u00dfball hat sich das St\u00fctzpunkttraining fest etabliert. Es bildet eine erste Br\u00fccke zwischen der Jugendarbeit an der Vereinsbasis und der der Ausbildung von Top-Talenten in den vom <strong>DFB<\/strong> zertifizierten Leistungszentren. Talentierte Spielerinnen und Spieler ab dem Altersbereich <strong>U11<\/strong> k\u00f6nnen einmal pro Woche zus\u00e4tzlich zum Vereinstraining eine Trainingseinheit auf sehr hohem Niveau absolvieren. Der Ausbildungs-Fokus liegt hierbei eher auf der individuellen F\u00f6rderung der Spieler. Gef\u00f6rdert werden Spieler aus dem Fussballkreis V Neuss Grevenbroich.<\/p>\n<p>Leider fehlt in <strong>Neuss<\/strong> derzeit nach wie vor ein Ankerverein mit h\u00f6herklassigen Mannschaften, der die besonderen Talente aufnehmen und gemeinsam in noch h\u00f6here Ligen f\u00fchren k\u00f6nnte. In Neuss und Umgebung bleibt den besonderen Talenten nach ihrer Juniorenzeit zwangsweise nur die Auswanderung in die umliegenden St\u00e4dte, die h\u00f6herklassige Vereine und Mannschaften beheimaten. Nur wie schwer heute ein Weg nach ganz oben geworden ist, zeigen die vielen Traditionsvereine in Deutschland, die einst in der Bundesliga waren und nun ihr Dasein in unterklassigen Ligen fristen m\u00fcssen. Erforderlich sind f\u00fcr den Weg nach oben sehr potente Sponsoren, eine hervorragende Unterst\u00fctzung der Stadt, nat\u00fcrlich Gl\u00fcck und ein gewisses Ma\u00df an Egoismus.<\/p>\n<p>Aber gerade die Spieler der <strong>Auswahl des Rheinkreises<\/strong> haben \u00fcber viele Jahre gezeigt, dass das Spielen in den h\u00f6chsten Klassen f\u00fcr einige Toptalente zwar erstrebenswert ist, aber auch andere Werte durch den Fu\u00dfballsport vermittelt werden, die den Vereinssport so reizvoll machen. Die Spiele gegen <strong>Metalist Charkiw<\/strong>, <strong>Borussia M\u00f6nchengladbach<\/strong> und <strong>Fortuna D\u00fcsseldorf<\/strong> stellen ganz sicher Highlights f\u00fcr die jungen Neusser Sportler dar. Die verantwortlichen Trainer der Auswahl hoffen auf ausgeglichene Spiele mit der einen oder anderen kleinen \u00dcberraschung.<\/p>\n<p>&nbsp;<\/p>\n<p><a href=\"https:\/\/www.rhein-kreis-neuss.de\/de\/\" target=\"_blank\" rel=\"noopener\"><img loading=\"lazy\" decoding=\"async\" class=\"alignleft wp-image-1251 size-large\" src=\"http:\/\/novesiacup.com\/wp-content\/uploads\/2022\/09\/Werbung_RheinKreisNeuss-1-1024x591.jpg\" alt=\"\" width=\"800\" height=\"462\" srcset=\"https:\/\/novesiacup.com\/wp-content\/uploads\/2022\/09\/Werbung_RheinKreisNeuss-1-1024x591.jpg 1024w, https:\/\/novesiacup.com\/wp-content\/uploads\/2022\/09\/Werbung_RheinKreisNeuss-1-300x173.jpg 300w, https:\/\/novesiacup.com\/wp-content\/uploads\/2022\/09\/Werbung_RheinKreisNeuss-1-768x443.jpg 768w, https:\/\/novesiacup.com\/wp-content\/uploads\/2022\/09\/Werbung_RheinKreisNeuss-1.jpg 1300w\" sizes=\"auto, (max-width: 800px) 100vw, 800px\" \/><\/a><\/p>\n","protected":false},"excerpt":{"rendered":"<p>&nbsp; Viele Talente hoffen auf ihre Chance Als erste Stufe der Talentf\u00f6rderung im deutschen Fu\u00dfball hat sich das St\u00fctzpunkttraining fest etabliert. Es bildet eine erste Br\u00fccke zwischen der Jugendarbeit an &#8230;<\/p>\n","protected":false},"author":1,"featured_media":0,"parent":1185,"menu_order":0,"comment_status":"closed","ping_status":"closed","template":"","meta":{"_monsterinsights_skip_tracking":false,"_monsterinsights_sitenote_active":false,"_monsterinsights_sitenote_note":"","_monsterinsights_sitenote_category":0,"footnotes":""},"class_list":["post-1246","page","type-page","status-publish","hentry"],"_links":{"self":[{"href":"https:\/\/novesiacup.com\/index.php\/wp-json\/wp\/v2\/pages\/1246","targetHints":{"allow":["GET"]}}],"collection":[{"href":"https:\/\/novesiacup.com\/index.php\/wp-json\/wp\/v2\/pages"}],"about":[{"href":"https:\/\/novesiacup.com\/index.php\/wp-json\/wp\/v2\/types\/page"}],"author":[{"embeddable":true,"href":"https:\/\/novesiacup.com\/index.php\/wp-json\/wp\/v2\/users\/1"}],"replies":[{"embeddable":true,"href":"https:\/\/novesiacup.com\/index.php\/wp-json\/wp\/v2\/comments?post=1246"}],"version-history":[{"count":1,"href":"https:\/\/novesiacup.com\/index.php\/wp-json\/wp\/v2\/pages\/1246\/revisions"}],"predecessor-version":[{"id":1252,"href":"https:\/\/novesiacup.com\/index.php\/wp-json\/wp\/v2\/pages\/1246\/revisions\/1252"}],"up":[{"embeddable":true,"href":"https:\/\/novesiacup.com\/index.php\/wp-json\/wp\/v2\/pages\/1185"}],"wp:attachment":[{"href":"https:\/\/novesiacup.com\/index.php\/wp-json\/wp\/v2\/media?parent=1246"}],"curies":[{"name":"wp","href":"https:\/\/api.w.org\/{rel}","templated":true}]}}