{"id":1214,"date":"2022-08-31T23:28:50","date_gmt":"2022-08-31T21:28:50","guid":{"rendered":"http:\/\/novesiacup.com\/?page_id=1214"},"modified":"2022-08-31T23:32:00","modified_gmt":"2022-08-31T21:32:00","slug":"borussia-dortmund","status":"publish","type":"page","link":"https:\/\/novesiacup.com\/index.php\/novesia-cup-2022\/borussia-dortmund\/","title":{"rendered":"Borussia Dortmund"},"content":{"rendered":"<p><img loading=\"lazy\" decoding=\"async\" class=\"alignleft wp-image-1215 size-large\" src=\"http:\/\/novesiacup.com\/wp-content\/uploads\/2022\/08\/TeamLogos2022_Dortmund-1024x427.jpg\" alt=\"\" width=\"800\" height=\"334\" srcset=\"https:\/\/novesiacup.com\/wp-content\/uploads\/2022\/08\/TeamLogos2022_Dortmund-1024x427.jpg 1024w, https:\/\/novesiacup.com\/wp-content\/uploads\/2022\/08\/TeamLogos2022_Dortmund-300x125.jpg 300w, https:\/\/novesiacup.com\/wp-content\/uploads\/2022\/08\/TeamLogos2022_Dortmund-768x320.jpg 768w, https:\/\/novesiacup.com\/wp-content\/uploads\/2022\/08\/TeamLogos2022_Dortmund.jpg 1200w\" sizes=\"auto, (max-width: 800px) 100vw, 800px\" \/><\/p>\n<p>&nbsp;<\/p>\n<h2>Die Talentschmiede in Westfalen<\/h2>\n<p>Die <strong>Borussia aus Dortmund<\/strong> ist nicht nur bekannt f\u00fcr die gute Profiarbeit, sondern gerade auch f\u00fcr die bemerkenswerte Jugendf\u00f6rderung. Beleg f\u00fcr die hervorragende Jugendarbeit der <strong>Dortmunder Borussia<\/strong> sind nicht nur die zahlreichen Titel bei den deutschen Jugendmeisterschaften, sondern insbesondere auch die Zahl der ehemaligen Jugendspieler, die in der Bundesligamannschaft und auch in der Nationalmannschaft zum Einsatz gekommen sind.<\/p>\n<p>Die <strong>Borussia aus Dortmund<\/strong> konnte in <strong>Neuss<\/strong> beim <strong>Novesia Cup<\/strong> schon einmal den Siegerpokal erringen. Wenn auch bei weitem nicht so h\u00e4ufig wie die Namensvetterin aus <strong>M\u00f6nchengladbach<\/strong>. Das lag jedoch weniger an der Klasse der <strong>Dortmunder<\/strong>, sondern an der Tatsache, dass die Dortmunder Borussia nicht so h\u00e4ufig den Weg nach <strong>Neuss<\/strong> gefunden hatte. In diesem Jahr sind die jungen Borussen jedoch eindeutiger Turnierfavorit. Zu dominant war das Auftreten der 2009er Mannschaft in der abgelaufenen Ligasaison. Die Ergebnisse sprechen f\u00fcr sich. Meister wurde <strong>Dortmund<\/strong> mit 65 Punkten, Zweiter <strong>M\u00f6nchengladbach<\/strong> mit 54 Punkten, <strong>K\u00f6ln<\/strong> erreichte 48 und <strong>D\u00fcsseldorf<\/strong> 30 Punkte. Bei den Spielen der vier Cupteilnehmer untereinander gaben die jungen <strong>Borussen aus Dortmund<\/strong> nicht einen Punkt ab.<\/p>\n<p>Aber das <strong>Neusser Turnier<\/strong> hat bekanntlich seine eigenen Gesetze, zumal die weiteren Teilnehmer versuchen werden, dem Turnierfavorit das Leben so schwer wir m\u00f6glich zu machen. Somit d\u00fcrfte das Turnier auch f\u00fcr <strong>Dortmund<\/strong> keineswegs zu einem Selbstl\u00e4ufer werden. Beim Cup im September warten bereits mit <strong>KAS Eupen<\/strong> und <strong>K\u00f6ln<\/strong> schon schwere Gegner.<\/p>\n<p><a href=\"http:\/\/www.neusserbauverein.de\" target=\"_blank\" rel=\"noopener\"><img loading=\"lazy\" decoding=\"async\" class=\"alignleft wp-image-1219 size-large\" src=\"http:\/\/novesiacup.com\/wp-content\/uploads\/2022\/08\/Werbung_NeusserBauverein-1024x724.jpg\" alt=\"\" width=\"800\" height=\"566\" srcset=\"https:\/\/novesiacup.com\/wp-content\/uploads\/2022\/08\/Werbung_NeusserBauverein-1024x724.jpg 1024w, https:\/\/novesiacup.com\/wp-content\/uploads\/2022\/08\/Werbung_NeusserBauverein-300x212.jpg 300w, https:\/\/novesiacup.com\/wp-content\/uploads\/2022\/08\/Werbung_NeusserBauverein-768x543.jpg 768w, https:\/\/novesiacup.com\/wp-content\/uploads\/2022\/08\/Werbung_NeusserBauverein.jpg 1654w\" sizes=\"auto, (max-width: 800px) 100vw, 800px\" \/><\/a><\/p>\n","protected":false},"excerpt":{"rendered":"<p>&nbsp; Die Talentschmiede in Westfalen Die Borussia aus Dortmund ist nicht nur bekannt f\u00fcr die gute Profiarbeit, sondern gerade auch f\u00fcr die bemerkenswerte Jugendf\u00f6rderung. Beleg f\u00fcr die hervorragende Jugendarbeit der &#8230;<\/p>\n","protected":false},"author":1,"featured_media":0,"parent":1185,"menu_order":0,"comment_status":"closed","ping_status":"closed","template":"","meta":{"_monsterinsights_skip_tracking":false,"_monsterinsights_sitenote_active":false,"_monsterinsights_sitenote_note":"","_monsterinsights_sitenote_category":0,"footnotes":""},"class_list":["post-1214","page","type-page","status-publish","hentry"],"_links":{"self":[{"href":"https:\/\/novesiacup.com\/index.php\/wp-json\/wp\/v2\/pages\/1214","targetHints":{"allow":["GET"]}}],"collection":[{"href":"https:\/\/novesiacup.com\/index.php\/wp-json\/wp\/v2\/pages"}],"about":[{"href":"https:\/\/novesiacup.com\/index.php\/wp-json\/wp\/v2\/types\/page"}],"author":[{"embeddable":true,"href":"https:\/\/novesiacup.com\/index.php\/wp-json\/wp\/v2\/users\/1"}],"replies":[{"embeddable":true,"href":"https:\/\/novesiacup.com\/index.php\/wp-json\/wp\/v2\/comments?post=1214"}],"version-history":[{"count":4,"href":"https:\/\/novesiacup.com\/index.php\/wp-json\/wp\/v2\/pages\/1214\/revisions"}],"predecessor-version":[{"id":1223,"href":"https:\/\/novesiacup.com\/index.php\/wp-json\/wp\/v2\/pages\/1214\/revisions\/1223"}],"up":[{"embeddable":true,"href":"https:\/\/novesiacup.com\/index.php\/wp-json\/wp\/v2\/pages\/1185"}],"wp:attachment":[{"href":"https:\/\/novesiacup.com\/index.php\/wp-json\/wp\/v2\/media?parent=1214"}],"curies":[{"name":"wp","href":"https:\/\/api.w.org\/{rel}","templated":true}]}}