{"id":1185,"date":"2022-08-31T22:56:44","date_gmt":"2022-08-31T20:56:44","guid":{"rendered":"http:\/\/novesiacup.com\/?page_id=1185"},"modified":"2022-09-01T13:14:38","modified_gmt":"2022-09-01T11:14:38","slug":"novesia-cup-2022","status":"publish","type":"page","link":"https:\/\/novesiacup.com\/index.php\/novesia-cup-2022\/","title":{"rendered":"NOVESIA CUP 2022"},"content":{"rendered":"<p><strong>Nach langer Coronapause kann der Cup in diesem Jahr endlich wieder stattfinden. Und auf die Freunde des Jugendfu\u00dfball wartet ein wahres Fu\u00dfballfest.<\/strong><\/p>\n<p><img loading=\"lazy\" decoding=\"async\" class=\"alignleft wp-image-1277 size-large\" src=\"http:\/\/novesiacup.com\/wp-content\/uploads\/2022\/08\/plakat2022b-733x1024.jpg\" alt=\"\" width=\"733\" height=\"1024\" srcset=\"https:\/\/novesiacup.com\/wp-content\/uploads\/2022\/08\/plakat2022b-733x1024.jpg 733w, https:\/\/novesiacup.com\/wp-content\/uploads\/2022\/08\/plakat2022b-215x300.jpg 215w, https:\/\/novesiacup.com\/wp-content\/uploads\/2022\/08\/plakat2022b-768x1072.jpg 768w, https:\/\/novesiacup.com\/wp-content\/uploads\/2022\/08\/plakat2022b.jpg 1100w\" sizes=\"auto, (max-width: 733px) 100vw, 733px\" \/><\/p>\n<p>&nbsp;<\/p>\n<p>&nbsp;<\/p>\n<h2>Die teilnehmenden Teams<\/h2>\n<ul>\n<li><a href=\"http:\/\/novesiacup.com\/index.php\/novesia-cup-2022\/1-fc-koeln\/\">1.FC K\u00f6ln (Pokalverteidiger)<\/a><\/li>\n<li><a href=\"http:\/\/novesiacup.com\/index.php\/novesia-cup-2022\/metalist-charkiw\/\">Metalist 1925 Charkiw (Ukraine)<\/a><\/li>\n<li><a href=\"http:\/\/novesiacup.com\/index.php\/novesia-cup-2022\/kas-eupen\/\">KAS Eupen (Belgien)<\/a><\/li>\n<li><a href=\"http:\/\/novesiacup.com\/index.php\/novesia-cup-2022\/borussia-dortmund\/\">Borussia Dortmund<\/a><\/li>\n<li><a href=\"http:\/\/novesiacup.com\/index.php\/novesia-cup-2022\/borussia-moenchengladbach\/\">Borussia M\u00f6nchengladbach<\/a><\/li>\n<li><a href=\"http:\/\/novesiacup.com\/index.php\/novesia-cup-2022\/fortuna-duesseldorf\/\">Fortuna D\u00fcsseldorf<\/a><\/li>\n<li><a href=\"http:\/\/novesiacup.com\/index.php\/novesia-cup-2022\/dfb-stuetzpunkt-rheinkreis\/\">DFB St\u00fctzpunkt Rheinkreis<\/a><\/li>\n<li><a href=\"http:\/\/novesiacup.com\/index.php\/novesia-cup-2022\/stadtauswahl-neuss\/\">Stadtauswahl Neuss<\/a><\/li>\n<\/ul>\n<p>&nbsp;<\/p>\n<h2>Anfahrt<\/h2>\n<p><strong>Johann-Dahmen-Sportanlage<\/strong>, Reuschenberger Str. 30, 41472 Neuss<\/p>\n<p><iframe loading=\"lazy\" style=\"border: 0;\" src=\"https:\/\/www.google.com\/maps\/embed?pb=!1m18!1m12!1m3!1d2502.276933511151!2d6.6729078!3d51.1586837!2m3!1f0!2f0!3f0!3m2!1i1024!2i768!4f13.1!3m3!1m2!1s0x47b8b4d36cdd500b%3A0xff0ae5ab806b51c4!2sJohann-Dahmen-Sportanlage%20Holzheim!5e0!3m2!1sde!2sde!4v1661978463231!5m2!1sde!2sde\" width=\"600\" height=\"450\" allowfullscreen=\"allowfullscreen\"><\/iframe><\/p>\n<p>&nbsp;<\/p>\n<h2>Spielplan<\/h2>\n<p><img loading=\"lazy\" decoding=\"async\" class=\"alignleft wp-image-1191 size-full\" src=\"http:\/\/novesiacup.com\/wp-content\/uploads\/2022\/08\/NovesiaCup2022_Spielplan.jpg\" alt=\"\" width=\"1200\" height=\"1695\" srcset=\"https:\/\/novesiacup.com\/wp-content\/uploads\/2022\/08\/NovesiaCup2022_Spielplan.jpg 1200w, https:\/\/novesiacup.com\/wp-content\/uploads\/2022\/08\/NovesiaCup2022_Spielplan-212x300.jpg 212w, https:\/\/novesiacup.com\/wp-content\/uploads\/2022\/08\/NovesiaCup2022_Spielplan-768x1085.jpg 768w, https:\/\/novesiacup.com\/wp-content\/uploads\/2022\/08\/NovesiaCup2022_Spielplan-725x1024.jpg 725w\" sizes=\"auto, (max-width: 1200px) 100vw, 1200px\" \/><\/p>\n<p>&nbsp;<\/p>\n<h2><\/h2>\n<p>&nbsp;<\/p>\n<h2><span style=\"font-family: Arial, sans-serif;\"><b>Turnierbestimmungen<\/b><\/span><span style=\"font-family: Arial, sans-serif;\"><br \/>\n<\/span><\/h2>\n<p>&nbsp;<\/p>\n<ul>\n<li style=\"list-style-type: none;\">\n<ol>\n<li>Alle Spiele unterliegen den Regeln des DFB. Gespielt wird \u00fcber den ganzen Platz mit normal gro\u00dfen Toren.<\/li>\n<li>Die Spiele werden von Schiedsrichtern des Kreises Neuss\/Grevenbroich (Fussballkreis 5) geleitet. Sie werden von Linienrichtern assistiert.<\/li>\n<li>Spielerlisten mit einem g\u00fcltigen Pass sind vor Turnierbeginn bei der Turnierleitung zu hinterlegen. Insgesamt k\u00f6nnen bis zu 22 Spieler eingetragen werden. Gespielt wird mit 10 Feldspielern und einem Torwart. Die Wechsel erfolgen in H\u00f6he der Mittellinie. Ein Wechsel ist nur w\u00e4hrend einer Spielunterbrechung m\u00f6glich.<\/li>\n<li>Spielberechtigt sind alle Spieler, die in 2006 geboren sind (und j\u00fcnger).<\/li>\n<li>Die von den Schiedsrichtern getroffenen Entscheidungen sind bindend. Bei einem Streit in Bezug auf die Organisation entscheidet die Turnierleitung.<\/li>\n<li>Die Spieldauer betr\u00e4gt 1 x 25 Minuten ohne Wechsel.<\/li>\n<li>Es wird in zwei Gruppen zu vier Mannschaften gespielt. Die Pl\u00e4tze 1 bis 2 der beiden Gruppen spielen ein Halbfinale um den Einzug in das Endspiel. Die Pl\u00e4tze 3 bis 4 spielen ein Halbfinale um das Erreichen des Spiels um Platz 5.\u00a0Wenn zwei Mannschaften gleich viele Punkte haben, entscheidet die Tordifferenz (die Zahl der geschossenen Tore minus die Zahl der kassierten Tore). Wenn die Tordifferenz gleich ist, ist die Zahl der geschossenen Tore entscheidend. Gibt es dann noch keine Entscheidung, kommt es zum Elfmeterschiessen. Jede Mannschaft hat 5 Elfmeter, die\u00a0durch 5 verschiedene Spieler ausgef\u00fchrt werden. Sollte nach dieser Serie kein Sieger feststehen, wird von den restlichen Spielern der Mannschaft jeweils ein Strafsto\u00df ausgef\u00fchrt, bis eine Entscheidung gefallen ist.<\/li>\n<li>Eine Zeitstrafe betr\u00e4gt 5 Minuten. Erh\u00e4lt ein Spieler die rote Karte (Platzverweis), dann ist er f\u00fcr den restlichen Turnierverlauf gesperrt.<\/li>\n<li>Die teilnehmende Vereine werden gebeten, ein Ersatztrikot oder Leibchen bereit zu halten.<\/li>\n<\/ol>\n<\/li>\n<\/ul>\n","protected":false},"excerpt":{"rendered":"<p>Nach langer Coronapause kann der Cup in diesem Jahr endlich wieder stattfinden. Und auf die Freunde des Jugendfu\u00dfball wartet ein wahres Fu\u00dfballfest. &nbsp; &nbsp; Die teilnehmenden Teams 1.FC K\u00f6ln (Pokalverteidiger) &#8230;<\/p>\n","protected":false},"author":1,"featured_media":0,"parent":0,"menu_order":0,"comment_status":"closed","ping_status":"closed","template":"","meta":{"_monsterinsights_skip_tracking":false,"_monsterinsights_sitenote_active":false,"_monsterinsights_sitenote_note":"","_monsterinsights_sitenote_category":0,"footnotes":""},"class_list":["post-1185","page","type-page","status-publish","hentry"],"_links":{"self":[{"href":"https:\/\/novesiacup.com\/index.php\/wp-json\/wp\/v2\/pages\/1185","targetHints":{"allow":["GET"]}}],"collection":[{"href":"https:\/\/novesiacup.com\/index.php\/wp-json\/wp\/v2\/pages"}],"about":[{"href":"https:\/\/novesiacup.com\/index.php\/wp-json\/wp\/v2\/types\/page"}],"author":[{"embeddable":true,"href":"https:\/\/novesiacup.com\/index.php\/wp-json\/wp\/v2\/users\/1"}],"replies":[{"embeddable":true,"href":"https:\/\/novesiacup.com\/index.php\/wp-json\/wp\/v2\/comments?post=1185"}],"version-history":[{"count":26,"href":"https:\/\/novesiacup.com\/index.php\/wp-json\/wp\/v2\/pages\/1185\/revisions"}],"predecessor-version":[{"id":1279,"href":"https:\/\/novesiacup.com\/index.php\/wp-json\/wp\/v2\/pages\/1185\/revisions\/1279"}],"wp:attachment":[{"href":"https:\/\/novesiacup.com\/index.php\/wp-json\/wp\/v2\/media?parent=1185"}],"curies":[{"name":"wp","href":"https:\/\/api.w.org\/{rel}","templated":true}]}}